 what is 19ca3 + -52?
19c51
In base 7, what is -30555 + -305014?
-335602
In base 4, what is 122023 - 103102003?
-102313320
In base 16, what is 11 + 18c303?
18c314
In base 11, what is 44a48356 + 5?
44a48360
In base 3, what is 21021201002200222 + -10?
21021201002200212
In base 7, what is -12 - 20423614?
-20423626
In base 11, what is -9488 + -24453?
-32930
In base 11, what is 1 + -13324a00?
-133249aa
In base 11, what is -2927 + -3071?
-5998
In base 10, what is 1070807 + 1?
1070808
In base 13, what is 12 + -9a70215?
-9a70203
In base 11, what is 4a74a0 + 22?
4a7512
In base 14, what is 2 + ad76373?
ad76375
In base 7, what is -354534212 - 2?
-354534214
In base 3, what is -221002220012112 + -122?
-221002220020011
In base 2, what is 10000110 + 10011000001000101111110?
10011000001001000000100
In base 6, what is -5252321125 + 2?
-5252321123
In base 10, what is -3 + -16541330?
-16541333
In base 8, what is 64 + 3326525?
3326611
In base 2, what is 101011 + 101000000111000100?
101000000111101111
In base 4, what is -130111000 - 1?
-130111001
In base 6, what is 412020115 + 1?
412020120
In base 2, what is 1010110000100111010110110010 + -110?
1010110000100111010110101100
In base 16, what is -5 + -a10aa?
-a10af
In base 8, what is 107210 - -1?
107211
In base 9, what is -2777020 + -4?
-2777024
In base 9, what is 53 - -47140?
47203
In base 15, what is -28dde + 10?
-28dce
In base 14, what is -157557 - -41?
-157516
In base 3, what is 21220221 + -120111?
21100110
In base 15, what is -12 + 536859?
536847
In base 5, what is 111330100 + 121?
111330221
In base 5, what is 121123413 - -2210?
121131123
In base 15, what is -2 - 969d228?
-969d22a
In base 15, what is -37 - 1d9359?
-1d9391
In base 15, what is 6563 - ee0?
5573
In base 12, what is -837b5a9 + -51?
-837b63a
In base 7, what is -32556624 + 6?
-32556615
In base 6, what is 2112515 - -352?
2113311
In base 13, what is 520 - -2899a?
291ba
In base 12, what is -114a4 + 1381?
-10123
In base 11, what is -26a9500 + 7?
-26a94a4
In base 9, what is 366057 - -65?
366133
In base 6, what is 102 - -145010?
145112
In base 11, what is 77 + 1505a8?
150674
In base 14, what is -2342308b + -5?
-23423092
In base 2, what is 1100 + 11111111111100010101?
11111111111100100001
In base 10, what is 446870 + -9?
446861
In base 13, what is 13a7085b + 2?
13a70860
In base 2, what is -11101110001010011011100111100 - 11?
-11101110001010011011100111111
In base 4, what is 10033311 - -101220021?
111313332
In base 8, what is -4 + 474057424?
474057420
In base 13, what is -502 - -13234?
12a32
In base 8, what is -4 - 60331712?
-60331716
In base 6, what is 4432 + 104224?
113100
In base 11, what is -2172253 + 10?
-2172243
In base 7, what is -24 - -160141236?
160141212
In base 6, what is -3 - 502032551?
-502032554
In base 11, what is -2868853 - a?
-2868862
In base 6, what is -203 + 415000410?
415000203
In base 4, what is -3033213 - 13021?
-3112300
In base 10, what is 47043068 + -1?
47043067
In base 5, what is -133 - 10424224?
-10424412
In base 16, what is -2b7 + -261?
-518
In base 10, what is -3 - 49016367?
-49016370
In base 10, what is 268706120 + 0?
268706120
In base 6, what is -1433 - 14055433?
-14101310
In base 16, what is -651a63 - -5?
-651a5e
In base 13, what is a1 + 2080aa?
20817b
In base 7, what is 226061242 + 10?
226061252
In base 14, what is 2496935d - -4?
24969363
In base 10, what is -97927667 - 5?
-97927672
In base 16, what is 13 + -37f530?
-37f51d
In base 5, what is 130224112 + -20?
130224042
In base 11, what is -19aaaa + -a6?
-1a00a5
In base 9, what is -745432 + 826?
-744505
In base 2, what is -1000111110101001 - -1101110?
-1000111100111011
In base 11, what is -4 + -257211a?
-2572123
In base 12, what is -475123 - 15?
-475138
In base 5, what is -12 + -13124301?
-13124313
In base 5, what is -141412 - 421444?
-1113411
In base 10, what is 210559 - 666?
209893
In base 9, what is -126303 + -64?
-126367
In base 6, what is -1542 - -4534122?
4532140
In base 5, what is 220400103120 + -10?
220400103110
In base 10, what is -1644605 + 11?
-1644594
In base 13, what is 1b6cb - -20c?
1b90a
In base 16, what is 4d88c9 + -16?
4d88b3
In base 9, what is 1071436 + 10?
1071446
In base 15, what is -226b8b1 - 3?
-226b8b4
In base 5, what is -1013130440 - 10?
-1013131000
In base 4, what is -2323021310 - 3120?
-2323031030
In base 9, what is -5 - -166702634?
166702628
In base 9, what is -5124828 + 0?
-5124828
In base 2, what is 10010011 - 1110111000111110?
-1110110110101011
In base 8, what is 5765115356 + -3?
5765115353
In base 4, what is 20010 - -1021331023?
1022011033
In base 12, what is 34 - -8863?
8897
In base 16, what is -19e0b6f + 2?
-19e0b6d
In base 5, what is -103311014041 + -20?
-103311014111
In base 7, what is -150 + -64402?
-64552
In base 5, what is 1104224404 + -220?
1104224134
In base 7, what is 4 + -1152440?
-1152433
In base 15, what is 7 - 8a6e2c8?
-8a6e2c1
In base 13, what is 28 - -24888?
248b3
In base 10, what is -66 + 463069?
463003
In base 11, what is -18492a5 + -3?
-18492a8
In base 12, what is 280218a - 3?
2802187
In base 2, what is 101100100101110111110 - -10?
101100100101111000000
In base 6, what is 1022035300 + 0?
1022035300
In base 3, what is 12200201 + -120?
12200011
In base 5, what is 134300 + 21003?
210303
In base 10, what is -2 - 760449?
-760451
In base 3, what is -11112200010220 + 11?
-11112200010202
In base 3, what is 111122 - -11000022?
11111221
In base 8, what is 22022214 + -15?
22022177
In base 9, what is 167 - -42538?
42716
In base 4, what is -1112 - 1232033101?
-1232100213
In base 10, what is 1172 + 766?
1938
In base 7, what is 2635401 - 224?
2635144
In base 7, what is -614 + -35555363?
-35556310
In base 4, what is -1312 - 10220313311?
-10220321223
In base 8, what is -25 + 12211222?
12211175
In base 14, what is -5 - 20a1a80?
-20a1a85
In base 11, what is 46204 + 26?
4622a
In base 9, what is -1046305 - -30?
-1046265
In base 3, what is -102200212011210 + 101?
-102200212011102
In base 12, what is -32994 - 7b?
-32a53
In base 7, what is -1501 + 12214?
10413
In base 10, what is 2 + 6000541?
6000543
In base 3, what is -21220200 - -1201101?
-20012022
In base 16, what is -65bdd6 - 2?
-65bdd8
In base 6, what is 3 - 1522450002?
-1522445555
In base 15, what is 917 + -68d4?
-5ebc
In base 3, what is -11 - 2211210100112?
-2211210100200
In base 2, what is -1000001100011 + -100011011?
-1000101111110
In base 11, what is 10a9 - -686?
1784
In base 14, what is 5 + 32a6a4?
32a6a9
In base 11, what is -328447 - -503?
-327a44
In base 11, what is 78a2a - 9473?
6a567
In base 14, what is -526846 - 4?
-52684a
In base 7, what is 235345 + 122?
235500
In base 9, what is -125 + 114845?
114720
In base 16, what is 27795b9 + 7?
27795c0
In base 13, what is -32b - -8c20?
88c2
In base 5, what is 113224 - -2332044?
3000323
In base 10, what is -103769521 + -4?
-103769525
In base 10, what is 212 - -319957?
320169
In base 4, what is -2112302223 + 110?
-2112302113
In base 6, what is -3544331 + -51?
-3544422
In base 3, what is 2 + 1220220001101?
1220220001110
In base 4, what is 0 - -131331221021?
131331221021
In base 16, what is 748 + -4b1?
297
In base 8, what is -10355 + -307504?
-320061
In base 12, what is -6811a5 - 8?
-6811b1
In base 16, what is -14 + -23e81?
-23e95
In base 10, what is -63 + 308628?
308565
In base 14, what is 1c - -1d2011?
1d202d
In base 9, what is -32 - 264155?
-264187
In base 11, what is -67 + 1512a?
15073
In base 10, what is 482 + -137493?
-137011
In base 5, what is -410 + -214410324?
-214411234
In base 14, what is -5 + 17130c?
171307
In base 8, what is 2407 - 6414?
-4005
In base 2, what is 1001100110110001101010 + -101?
1001100110110001100101
In base 14, what is 482d697 - -10?
482d6a7
In base 10, what is -2836498 - 1?
-2836499
In base 6, what is -20 + -125525?
-125545
In base 16, what is b7d9c - -5?
b7da1
In base 8, what is 1014266 + -57?
1014207
In base 3, what is 1120222110122 - -1002?
1120222111201
In base 13, what is 4 + -1cb742a4?
-1cb742a0
In base 12, what is -16 - 145a07b?
-145a095
In base 12, what is -45 + 58a078?
58a033
In base 2, what is 101100000010101100 - 101000001?
101011111101101011
In base 7, what is -5 - 232030303?
-232030311
In base 6, what is -33233020 + 20?
-33233000
In base 12, what is 1949a + -16?
19484
In base 13, what is -3 - 481aac?
-481